te number?
True
Is 80656439 a composite number?
False
Is 5331505081 prime?
False
Is 1007959051 a composite number?
True
Is 8968327283 composite?
True
Is 24487343333 a composite number?
True
Is 246157573391 a composite number?
False
Is 21310252163 composite?
False
Is 669191639 a composite number?
False
Is 865048529 composite?
True
Is 121638786403 composite?
True
Is 11123364377 a prime number?
True
Is 999285997 prime?
False
Is 33320543651 a composite number?
False
Is 659650297 prime?
True
Is 656686843 prime?
False
Is 19373515591 composite?
False
Is 758647679 a composite number?
False
Is 1295013017 prime?
True
Is 902850337 prime?
True
Is 91443967597 composite?
True
Is 3318963749 a prime number?
True
Is 218159455 a prime number?
False
Is 840911867 prime?
True
Is 13503793817 prime?
True
Is 1391271793 a prime number?
True
Is 310125773 a composite number?
True
Is 5577560759 a prime number?
True
Is 35486825471 a composite number?
True
Is 1973232511 prime?
True
Is 287466499 a composite number?
True
Is 6084716711 a prime number?
False
Is 159868299502 composite?
True
Is 22350286655 a prime number?
False
Is 1190047907 prime?
True
Is 35779052531 a prime number?
False
Is 4370903182 prime?
False
Is 22763577197 composite?
False
Is 28159007885 a composite number?
True
Is 3595537609 a composite number?
True
Is 53331639521 a composite number?
False
Is 478507037 a prime number?
True
Is 423359791 prime?
False
Is 11397660629 a composite number?
False
Is 19411432463 prime?
True
Is 24996820183 prime?
True
Is 83472689 a composite number?
False
Is 5772706271 a composite number?
False
Is 3524858423 a prime number?
True
Is 4475425093 a prime number?
True
Is 1558034263 a prime number?
False
Is 2050338991 composite?
False
Is 145184713 composite?
False
Is 406771381 composite?
False
Is 22080580853 composite?
False
Is 1757287471 prime?
True
Is 20031996997 composite?
True
Is 397942201 a prime number?
True
Is 26428835777 a composite number?
True
Is 277612681 a prime number?
False
Is 595619881 a prime number?
True
Is 312171029 prime?
True
Is 3434842207 a prime number?
False
Is 63516345539 composite?
False
Is 29808023459 a prime number?
True
Is 272700455 a prime number?
False
Is 25536946522 composite?
True
Is 5381897289 prime?
False
Is 2401994897 prime?
False
Is 175773643 composite?
True
Is 15082451 composite?
True
Is 13509465001 composite?
True
Is 117274973879 prime?
False
Is 11025957853 a prime number?
True
Is 815109853 a prime number?
True
Is 86657201791 composite?
True
Is 3060880393 composite?
True
Is 1343987741 composite?
True
Is 1871686681 a prime number?
True
Is 701201093 composite?
True
Is 61190080841 composite?
False
Is 56939891 composite?
False
Is 183565571681 a composite number?
False
Is 3765451021 a prime number?
False
Is 198660517 prime?
False
Is 505595749 a composite number?
False
Is 7551935297 a prime number?
True
Is 21776565169 prime?
True
Is 1304270717 prime?
False
Is 913268453 a composite number?
False
Is 359211019 a composite number?
False
Is 4620001537 a composite number?
False
Is 3664704007 a composite number?
False
Is 33739079477 composite?
True
Is 181546516211 a prime number?
False
Is 895716323 a composite number?
True
Is 3645382031 a prime number?
True
Is 1171972457 a prime number?
False
Is 1226160961 prime?
True
Is 31885109227 a prime number?
False
Is 68050466837 prime?
False
Is 4947802999 a composite number?
False
Is 22148906167 composite?
True
Is 4260901331 a prime number?
True
Is 60359263 a prime number?
False
Is 127716745697 composite?
False
Is 11206801643 a composite number?
False
Is 11204897947 a prime number?
True
Is 1932330453 a composite number?
True
Is 14773390427 composite?
False
Is 4227980921 composite?
True
Is 75683316479 composite?
True
Is 5990018827 prime?
False
Is 5677387 a composite number?
True
Is 131682839 prime?
True
Is 582824527 prime?
True
Is 659822897 a composite number?
False
Is 48791961761 a composite number?
False
Is 3720433571 prime?
True
Is 29277420027 composite?
True
Is 31264748327 composite?
False
Is 13633820303 prime?
False
Is 417148367 prime?
False
Is 4152524758 a prime number?
False
Is 3211097531 a composite number?
True
Is 347652299 composite?
True
Is 1376364299 a composite number?
True
Is 1418685919 a composite number?
True
Is 3222184519 prime?
False
Is 2656189649 a prime number?
True
Is 10719969737 a prime number?
True
Is 2577922397 prime?
False
Is 1120433473 prime?
False
Is 12906665599 composite?
True
Is 1293457819 composite?
False
Is 5524289458 a prime number?
False
Is 58138349461 a composite number?
False
Is 43975414183 a composite number?
True
Is 59490479 a composite number?
False
Is 184835058481 composite?
False
Is 2917045277 composite?
False
Is 176177093 prime?
False
Is 2144456921 a composite number?
True
Is 6072765593 a prime number?
True
Is 4955285731 prime?
False
Is 8499159419 prime?
True
Is 3304544077 prime?
True
Is 378746219 a prime number?
False
Is 77803890407 prime?
True
Is 2871029963 a composite number?
False
Is 14775042467 prime?
False
Is 36302763119 a prime number?
False
Is 10498933171 a composite number?
True
Is 1065203753 prime?
False
Is 489737851 prime?
False
Is 94751866799 a composite number?
False
Is 1403117915 a prime number?
False
Is 113384225041 a prime number?
True
Is 7072337015 composite?
True
Is 50743421 composite?
False
Is 8366369701 a prime number?
True
Is 1265249099 a composite number?
False
Is 41946322307 composite?
False
Is 22634005 a composite number?
True
Is 12618743537 a prime number?
False
Is 24966325453 a composite number?
True
Is 1992782089 composite?
False
Is 54556884917 a prime number?
False
Is 1857781801 prime?
True
Is 65718151 prime?
True
Is 2597720893 composite?
False
Is 43498607513 a composite number?
False
Is 3880540303 a prime number?
True
Is 1258400933 a prime number?
True
Is 37929811251 a prime number?
False
Is 3551852123 a prime number?
True
Is 5483048411 prime?
True
Is 235768519 a prime number?
False
Is 1663911989 a composite number?
False
Is 96474219 composite?
True
Is 712254773 a prime number?
False
Is 13441440029 prime?
True
Is 10163203777 prime?
False
Is 6071621793 a prime number?
False
Is 38870796541 a prime number?
False
Is 8643031597 prime?
True
Is 16030298363 a composite number?
True
Is 18501745369 composite?
False
Is 3390617753 prime?
False
Is 1571606473 a composite number?
True
Is 1633335413 composite?
False
Is 272051603 a prime number?
True
Is 1875514057 a composite number?
False
Is 3319041859 prime?
False
Is 2358006071 a composite number?
True
Is 117626978587 a composite number?
False
Is 233102912269 a composite number?
False
Is 41023184593 composite?
False
Is 3110904899 a composite number?
False
Is 2922404957 a composite number?
True
Is 9530210381 composite?
False
Is 3733197307 a prime number?
False
Is 726057443 prime?
True
Is 2218055159 a composite number?
False
Is 12550366843 a prime number?
False
Is 7680447611 a composite number?
True
Is 809298167 a prime number?
True
Is 2137134605 prime?
False
Is 346358046007 composite?
False
Is 11395337911 a prime number?
False
Is 858022897 a composite number?
True
Is 13584439007 prime?
False
Is 1282951589 a prime number?
False
Is 8959239026 composite?
True
Is 20409731383 composite?
True
Is 10755089903 composite?
False
Is 2066676581 prime?
True
Is 167664039 composite?
True
Is 7435680509 prime?
False
Is 1778196851 prime?
True
Is 15721659971 a prime number?
True
Is 12567648671 a prime number?
False
Is 7462568767 a prime number?
True
Is 123943813363 a composite number?
True
Is 3272251321 a composite number?
False
Is 41595299 a prime number?
True
Is 14108701507 composite?
True
Is 7896166181 a prime number?
True
Is 2729849671 composite?
False
Is 44566531 composite?
True
Is 25513488799 a prime number?
False
Is 28703214797 composite?
True
Is 1196799335 prime?
False
Is 488578567 a prime number?
True
Is 1661750689 prime?
True
Is 19176900434 composite?
True
Is 39404663 prime?
False
Is 5003967721 prime?
False
Is 319227883 prime?
False
Is 1957795561 a composite number?
True
Is 96164399 a prime number?
False
Is 1471816223 prime?
False
Is 40868883703 composite?
True
Is 1929428429 a prime number?
True
Is 173782927 a composite number?
False
Is 3069975527 prime?
True
Is 21223202953 composite?
True
Is 2651129803 prime?
False
Is 4119